factors of 544178352?
2, 3, 293, 38693
List the prime factors of 3455341231.
7639, 452329
List the prime factors of 223610274.
2, 3, 4140931
What are the prime factors of 524823151?
524823151
What are the prime factors of 727570901?
727570901
List the prime factors of 18032623.
7, 2576089
List the prime factors of 52614672.
2, 3, 11, 9059
List the prime factors of 125266304.
2, 978643
List the prime factors of 3112741.
31, 100411
What are the prime factors of 336811080?
2, 3, 5, 23, 122033
List the prime factors of 17413628.
2, 4353407
List the prime factors of 32959933.
37, 890809
What are the prime factors of 45329789?
353, 128413
What are the prime factors of 1554305527?
1554305527
List the prime factors of 1727374873.
7, 19, 12987781
List the prime factors of 41263683.
3, 13754561
What are the prime factors of 25804768?
2, 11, 73309
List the prime factors of 35997938.
2, 2161, 8329
What are the prime factors of 298095068?
2, 17, 4383751
List the prime factors of 872632760.
2, 5, 19, 173, 6637
What are the prime factors of 397635183?
3, 11, 167, 8017
List the prime factors of 76751225.
5, 3070049
What are the prime factors of 9709538?
2, 41, 118409
List the prime factors of 208607445.
3, 5, 103, 45007
List the prime factors of 1270749389.
7, 13, 1994897
What are the prime factors of 23834981?
41, 581341
List the prime factors of 2105285093.
2105285093
List the prime factors of 66516808.
2, 8314601
What are the prime factors of 53261403?
3, 13, 103, 13259
What are the prime factors of 81598469?
1543, 52883
What are the prime factors of 294253217?
2339, 125803
What are the prime factors of 55873610?
2, 5, 13, 429797
List the prime factors of 15928933.
109, 317, 461
What are the prime factors of 1023151662?
2, 3, 13, 485827
What are the prime factors of 46130687?
46130687
What are the prime factors of 32461515?
3, 5, 283, 2549
List the prime factors of 309267497.
7, 11, 37, 108553
List the prime factors of 40794543.
3, 17, 31, 47, 61
List the prime factors of 192258365.
5, 13, 97, 30493
What are the prime factors of 2302331986?
2, 211, 5455763
What are the prime factors of 6733442647?
6733442647
What are the prime factors of 185385859?
31, 5980189
List the prime factors of 220264456.
2, 227, 121291
What are the prime factors of 2069874144?
2, 3, 13, 23, 43
What are the prime factors of 705445503?
3, 7, 29, 127, 1303
What are the prime factors of 348294?
2, 3, 58049
What are the prime factors of 195575652?
2, 3, 29, 31, 6043
List the prime factors of 365390842.
2, 73, 2502677
List the prime factors of 148661844.
2, 3, 12388487
List the prime factors of 137321521.
137321521
What are the prime factors of 456108674?
2, 7, 17, 1916423
List the prime factors of 1279753859.
257, 4979587
List the prime factors of 1224685139.
353, 3469363
What are the prime factors of 782625187?
782625187
List the prime factors of 2107496.
2, 263437
What are the prime factors of 17477299?
7, 2496757
List the prime factors of 1521694411.
193, 463, 17029
List the prime factors of 2242745.
5, 157, 2857
What are the prime factors of 22026789?
3, 83, 9829
List the prime factors of 36010262.
2, 479, 37589
What are the prime factors of 972889174?
2, 37, 239, 55009
List the prime factors of 7474458995.
5, 79, 317, 59693
List the prime factors of 19456838.
2, 9728419
List the prime factors of 234004664.
2, 569, 51407
List the prime factors of 211443521.
211443521
List the prime factors of 57425522.
2, 7, 11, 61, 6113
List the prime factors of 135805688.
2, 37, 271, 1693
What are the prime factors of 14103924?
2, 3, 271, 4337
List the prime factors of 1817019661.
457, 1223, 3251
List the prime factors of 335474177.
41, 59, 138683
What are the prime factors of 224888885?
5, 13, 3459829
List the prime factors of 201260116.
2, 29, 1735001
What are the prime factors of 237780862?
2, 11, 10808221
What are the prime factors of 36361771?
67, 542713
List the prime factors of 775356544.
2, 6057473
What are the prime factors of 688850722?
2, 7, 7029089
What are the prime factors of 5623181039?
7, 21529, 37313
List the prime factors of 1138335236.
2, 284583809
What are the prime factors of 3501646454?
2, 23, 76122749
What are the prime factors of 1058759940?
2, 3, 5, 7, 179, 14083
What are the prime factors of 255452602?
2, 641, 199261
List the prime factors of 80117663.
80117663
List the prime factors of 31075301.
37, 839873
What are the prime factors of 441821121?
3, 7, 21039101
What are the prime factors of 360634514?
2, 1279, 140983
List the prime factors of 210320064.
2, 3, 29, 1399
What are the prime factors of 3396355944?
2, 3, 19, 7448149
What are the prime factors of 74109294?
2, 3, 7, 588169
List the prime factors of 1005987212.
2, 251496803
List the prime factors of 153379194.
2, 3, 43, 113, 5261
What are the prime factors of 223325479?
13, 293, 58631
List the prime factors of 245249815.
5, 19, 53, 67, 727
What are the prime factors of 107701397?
3583, 30059
List the prime factors of 51002798.
2, 7, 11, 37, 8951
List the prime factors of 368029810.
2, 5, 19, 1936999
List the prime factors of 407695208.
2, 61, 835441
What are the prime factors of 1045668400?
2, 5, 7, 373453
What are the prime factors of 450278207?
19, 23698853
What are the prime factors of 2375336365?
5, 197, 1031, 2339
What are the prime factors of 61631953?
17, 19, 190811
What are the prime factors of 14401428?
2, 3, 59, 20341
List the prime factors of 82154038.
2, 41077019
List the prime factors of 364565020.
2, 5, 563, 32377
What are the prime factors of 100545689?
263, 382303
What are the prime factors of 4960009838?
2, 7, 29, 43, 284111
What are the prime factors of 452990266?
2, 29, 79, 109, 907
List the prime factors of 192624034.
2, 23, 4187479
List the prime factors of 8284199.
7, 11, 271, 397
List the prime factors of 69578295.
3, 5, 4638553
What are the prime factors of 6147433823?
283, 21722381
What are the prime factors of 111565309?
127, 878467
What are the prime factors of 70792180?
2, 5, 3539609
List the prime factors of 1344477410.
2, 5, 29, 4636129
List the prime factors of 277309177.
659, 420803
List the prime factors of 165086959.
6101, 27059
List the prime factors of 1638648282.
2, 3, 31, 8809937
What are the prime factors of 403875305?
5, 19, 167, 25457
List the prime factors of 2292426007.
709, 3233323
List the prime factors of 24918281.
4091, 6091
What are the prime factors of 108085689?
3, 12009521
List the prime factors of 28674781.
19, 271, 5569
What are the prime factors of 351747501?
3, 7, 16749881
What are the prime factors of 259739766?
2, 3, 11, 13, 19, 47, 113
What are the prime factors of 16238240?
2, 5, 101489
List the prime factors of 36581342.
2, 7, 53, 7043
List the prime factors of 924804419.
7, 11, 12010447
List the prime factors of 529492833.
3, 97, 606521
List the prime factors of 6324497843.
173, 36557791
List the prime factors of 202328223.
3, 3313, 20357
What are the prime factors of 1982571323?
42773, 46351
What are the prime factors of 1204780663?
1204780663
List the prime factors of 2225757282.
2, 3, 7, 31, 103, 2371
List the prime factors of 85844537.
85844537
List the prime factors of 39660078.
2, 3, 37, 227, 787
List the prime factors of 3844463531.
3844463531
List the prime factors of 11287251.
3, 53, 23663
List the prime factors of 11514016.
2, 241, 1493
List the prime factors of 1288069.
23, 56003
What are the prime factors of 1559590734?
2, 3, 13, 127, 313, 503
List the prime factors of 73531287.
3, 31, 59, 1489
List the prime factors of 62524969.
13, 461, 10433
List the prime factors of 2100404310.
2, 3, 5, 53, 751, 1759
What are the prime factors of 7311528?
2, 3, 7, 89, 163
What are the prime factors of 28271443?
59, 349, 1373
What are the prime factors of 280097583?
3, 93365861
What are the prime factors of 296675330?
2, 5, 7, 17, 61, 67
What are the prime factors of 219872867?
29, 7581823
What are the prime factors of 857798207?
7, 1597, 76733
What are the prime factors of 3260997298?
2, 13, 179, 53899
What are the prime factors of 343448117?
61, 491, 11467
List the prime factors of 657110816.
2, 20534713
List the prime factors of 493172426.
2, 246586213
What are the prime factors of 2299318195?
5, 37, 431, 28837
What are the prime factors of 51691